
{"id":115940,"date":"2018-08-06T12:11:43","date_gmt":"2018-08-06T12:11:43","guid":{"rendered":"https:\/\/arredareidee.com\/index.php\/product\/listello-dalila-cm-25-x-55\/"},"modified":"2025-11-05T17:43:11","modified_gmt":"2025-11-05T17:43:11","slug":"listello-dalila-cm-25-x-55","status":"publish","type":"product","link":"https:\/\/arredareidee.com\/index.php\/product\/listello-dalila-cm-25-x-55\/","title":{"rendered":"Listello Dalila cm 25 x 5,5"},"content":{"rendered":"<h2>Listello Dalila cm 25 x 5,5<\/h2>\n<p><strong>Listello Dalila realizzato con spessore di mm 9, misura idonea per tutti i tipi di pavimenti e rivestimenti<\/strong><\/p>\n<p>I Marmi e relativi colori, utilizzati in tutta la gamma Mosaici,\u00a0 (nome e tipo) sono visibili nella foto presente come immagine.<\/p>\n<p>Il Marmo \u00e8 una pietra naturale, di conseguenza ogni pezzo \u00e8 unico ed inimitabile, il tipo di Marmo, colore e disegno scelto per ogni decoro \u00e8 realizzato cos\u00ec come da foto, TUTTAVIA la scelta dei colori, tipo di Marmo e posizionamento, possono essere modificati e personalizzati.<\/p>\n<p>N.B. se si desidera modificare e personalizzare il decoro, si prega di inviare richiesta preventivo, con la scelta dei colori, tipo di Marmo e il relativo posizionamento dei colori.<\/p>\n","protected":false},"excerpt":{"rendered":"<p>Listello realizzato a mano, con diversi tipi di marmo, lavorati uno per uno e, posizionati con cura e maestranza, legati da una rete, predisposta per essere incollata<br \/>\ndirettamente sul pavimento o alla parete. Misura cm 25 x 5,5<\/p>\n<p>N.B. su richiesta \u00e8 possibile realizzare qualsiasi tipo di disegno.<\/p>\n","protected":false},"featured_media":115941,"template":"","meta":[],"product_brand":[],"product_cat":[60,58],"product_tag":[],"class_list":{"0":"post-115940","1":"product","2":"type-product","3":"status-publish","4":"has-post-thumbnail","6":"product_cat-listelli","7":"product_cat-mosaici","9":"first","10":"instock","11":"taxable","12":"shipping-taxable","13":"purchasable","14":"product-type-variable"},"yoast_head":"<!-- This site is optimized with the Yoast SEO plugin v26.4 - https:\/\/yoast.com\/wordpress\/plugins\/seo\/ -->\n<title>Listello Dalila cm 25 x 5,5<\/title>\n<meta name=\"description\" content=\"Listello Dalila cm 25 x 5,5Listello Dalila realizzato con spessore di mm 9, misura idonea per tutti i tipi di pavimenti e rivestimenti.\" \/>\n<meta name=\"robots\" content=\"index, follow, max-snippet:-1, max-image-preview:large, max-video-preview:-1\" \/>\n<link rel=\"canonical\" href=\"https:\/\/arredareidee.com\/index.php\/product\/listello-dalila-cm-25-x-55\/\" \/>\n<meta property=\"og:locale\" content=\"it_IT\" \/>\n<meta property=\"og:type\" content=\"article\" \/>\n<meta property=\"og:title\" content=\"Listello Dalila cm 25 x 5,5\" \/>\n<meta property=\"og:description\" content=\"Listello Dalila cm 25 x 5,5Listello Dalila realizzato con spessore di mm 9, misura idonea per tutti i tipi di pavimenti e rivestimenti.\" \/>\n<meta property=\"og:url\" content=\"https:\/\/arredareidee.com\/index.php\/product\/listello-dalila-cm-25-x-55\/\" \/>\n<meta property=\"og:site_name\" content=\"Arredareidee\" \/>\n<meta property=\"article:modified_time\" content=\"2025-11-05T17:43:11+00:00\" \/>\n<meta property=\"og:image\" content=\"https:\/\/arredareidee.com\/wp-content\/uploads\/2021\/01\/dalila-d1_250x55.jpg\" \/>\n\t<meta property=\"og:image:width\" content=\"964\" \/>\n\t<meta property=\"og:image:height\" content=\"814\" \/>\n\t<meta property=\"og:image:type\" content=\"image\/jpeg\" \/>\n<meta name=\"twitter:card\" content=\"summary_large_image\" \/>\n<meta name=\"twitter:label1\" content=\"Tempo di lettura stimato\" \/>\n\t<meta name=\"twitter:data1\" content=\"1 minuto\" \/>\n<script type=\"application\/ld+json\" class=\"yoast-schema-graph\">{\"@context\":\"https:\/\/schema.org\",\"@graph\":[{\"@type\":\"WebPage\",\"@id\":\"https:\/\/arredareidee.com\/index.php\/product\/listello-dalila-cm-25-x-55\/\",\"url\":\"https:\/\/arredareidee.com\/index.php\/product\/listello-dalila-cm-25-x-55\/\",\"name\":\"Listello Dalila cm 25 x 5,5\",\"isPartOf\":{\"@id\":\"https:\/\/arredareidee.com\/#website\"},\"primaryImageOfPage\":{\"@id\":\"https:\/\/arredareidee.com\/index.php\/product\/listello-dalila-cm-25-x-55\/#primaryimage\"},\"image\":{\"@id\":\"https:\/\/arredareidee.com\/index.php\/product\/listello-dalila-cm-25-x-55\/#primaryimage\"},\"thumbnailUrl\":\"https:\/\/arredareidee.com\/wp-content\/uploads\/2021\/01\/dalila-d1_250x55.jpg\",\"datePublished\":\"2018-08-06T12:11:43+00:00\",\"dateModified\":\"2025-11-05T17:43:11+00:00\",\"description\":\"Listello Dalila cm 25 x 5,5Listello Dalila realizzato con spessore di mm 9, misura idonea per tutti i tipi di pavimenti e rivestimenti.\",\"breadcrumb\":{\"@id\":\"https:\/\/arredareidee.com\/index.php\/product\/listello-dalila-cm-25-x-55\/#breadcrumb\"},\"inLanguage\":\"it-IT\",\"potentialAction\":[{\"@type\":\"ReadAction\",\"target\":[\"https:\/\/arredareidee.com\/index.php\/product\/listello-dalila-cm-25-x-55\/\"]}]},{\"@type\":\"ImageObject\",\"inLanguage\":\"it-IT\",\"@id\":\"https:\/\/arredareidee.com\/index.php\/product\/listello-dalila-cm-25-x-55\/#primaryimage\",\"url\":\"https:\/\/arredareidee.com\/wp-content\/uploads\/2021\/01\/dalila-d1_250x55.jpg\",\"contentUrl\":\"https:\/\/arredareidee.com\/wp-content\/uploads\/2021\/01\/dalila-d1_250x55.jpg\",\"width\":964,\"height\":814,\"caption\":\"Listello Dalila cm 25 x 5,5\"},{\"@type\":\"BreadcrumbList\",\"@id\":\"https:\/\/arredareidee.com\/index.php\/product\/listello-dalila-cm-25-x-55\/#breadcrumb\",\"itemListElement\":[{\"@type\":\"ListItem\",\"position\":1,\"name\":\"Home\",\"item\":\"https:\/\/arredareidee.com\/\"},{\"@type\":\"ListItem\",\"position\":2,\"name\":\"Shop\",\"item\":\"https:\/\/arredareidee.com\/index.php\/shop\/\"},{\"@type\":\"ListItem\",\"position\":3,\"name\":\"Listello Dalila cm 25 x 5,5\"}]},{\"@type\":\"WebSite\",\"@id\":\"https:\/\/arredareidee.com\/#website\",\"url\":\"https:\/\/arredareidee.com\/\",\"name\":\"Arredareidee\",\"description\":\"Decorazioni personalizzate\",\"publisher\":{\"@id\":\"https:\/\/arredareidee.com\/#organization\"},\"potentialAction\":[{\"@type\":\"SearchAction\",\"target\":{\"@type\":\"EntryPoint\",\"urlTemplate\":\"https:\/\/arredareidee.com\/?s={search_term_string}\"},\"query-input\":{\"@type\":\"PropertyValueSpecification\",\"valueRequired\":true,\"valueName\":\"search_term_string\"}}],\"inLanguage\":\"it-IT\"},{\"@type\":\"Organization\",\"@id\":\"https:\/\/arredareidee.com\/#organization\",\"name\":\"Arredareidee\",\"url\":\"https:\/\/arredareidee.com\/\",\"logo\":{\"@type\":\"ImageObject\",\"inLanguage\":\"it-IT\",\"@id\":\"https:\/\/arredareidee.com\/#\/schema\/logo\/image\/\",\"url\":\"https:\/\/arredareidee.com\/wp-content\/uploads\/2021\/01\/cropped-Arredareidee.png\",\"contentUrl\":\"https:\/\/arredareidee.com\/wp-content\/uploads\/2021\/01\/cropped-Arredareidee.png\",\"width\":868,\"height\":157,\"caption\":\"Arredareidee\"},\"image\":{\"@id\":\"https:\/\/arredareidee.com\/#\/schema\/logo\/image\/\"}}]}<\/script>\n<!-- \/ Yoast SEO plugin. -->","yoast_head_json":{"title":"Listello Dalila cm 25 x 5,5","description":"Listello Dalila cm 25 x 5,5Listello Dalila realizzato con spessore di mm 9, misura idonea per tutti i tipi di pavimenti e rivestimenti.","robots":{"index":"index","follow":"follow","max-snippet":"max-snippet:-1","max-image-preview":"max-image-preview:large","max-video-preview":"max-video-preview:-1"},"canonical":"https:\/\/arredareidee.com\/index.php\/product\/listello-dalila-cm-25-x-55\/","og_locale":"it_IT","og_type":"article","og_title":"Listello Dalila cm 25 x 5,5","og_description":"Listello Dalila cm 25 x 5,5Listello Dalila realizzato con spessore di mm 9, misura idonea per tutti i tipi di pavimenti e rivestimenti.","og_url":"https:\/\/arredareidee.com\/index.php\/product\/listello-dalila-cm-25-x-55\/","og_site_name":"Arredareidee","article_modified_time":"2025-11-05T17:43:11+00:00","og_image":[{"width":964,"height":814,"url":"https:\/\/arredareidee.com\/wp-content\/uploads\/2021\/01\/dalila-d1_250x55.jpg","type":"image\/jpeg"}],"twitter_card":"summary_large_image","twitter_misc":{"Tempo di lettura stimato":"1 minuto"},"schema":{"@context":"https:\/\/schema.org","@graph":[{"@type":"WebPage","@id":"https:\/\/arredareidee.com\/index.php\/product\/listello-dalila-cm-25-x-55\/","url":"https:\/\/arredareidee.com\/index.php\/product\/listello-dalila-cm-25-x-55\/","name":"Listello Dalila cm 25 x 5,5","isPartOf":{"@id":"https:\/\/arredareidee.com\/#website"},"primaryImageOfPage":{"@id":"https:\/\/arredareidee.com\/index.php\/product\/listello-dalila-cm-25-x-55\/#primaryimage"},"image":{"@id":"https:\/\/arredareidee.com\/index.php\/product\/listello-dalila-cm-25-x-55\/#primaryimage"},"thumbnailUrl":"https:\/\/arredareidee.com\/wp-content\/uploads\/2021\/01\/dalila-d1_250x55.jpg","datePublished":"2018-08-06T12:11:43+00:00","dateModified":"2025-11-05T17:43:11+00:00","description":"Listello Dalila cm 25 x 5,5Listello Dalila realizzato con spessore di mm 9, misura idonea per tutti i tipi di pavimenti e rivestimenti.","breadcrumb":{"@id":"https:\/\/arredareidee.com\/index.php\/product\/listello-dalila-cm-25-x-55\/#breadcrumb"},"inLanguage":"it-IT","potentialAction":[{"@type":"ReadAction","target":["https:\/\/arredareidee.com\/index.php\/product\/listello-dalila-cm-25-x-55\/"]}]},{"@type":"ImageObject","inLanguage":"it-IT","@id":"https:\/\/arredareidee.com\/index.php\/product\/listello-dalila-cm-25-x-55\/#primaryimage","url":"https:\/\/arredareidee.com\/wp-content\/uploads\/2021\/01\/dalila-d1_250x55.jpg","contentUrl":"https:\/\/arredareidee.com\/wp-content\/uploads\/2021\/01\/dalila-d1_250x55.jpg","width":964,"height":814,"caption":"Listello Dalila cm 25 x 5,5"},{"@type":"BreadcrumbList","@id":"https:\/\/arredareidee.com\/index.php\/product\/listello-dalila-cm-25-x-55\/#breadcrumb","itemListElement":[{"@type":"ListItem","position":1,"name":"Home","item":"https:\/\/arredareidee.com\/"},{"@type":"ListItem","position":2,"name":"Shop","item":"https:\/\/arredareidee.com\/index.php\/shop\/"},{"@type":"ListItem","position":3,"name":"Listello Dalila cm 25 x 5,5"}]},{"@type":"WebSite","@id":"https:\/\/arredareidee.com\/#website","url":"https:\/\/arredareidee.com\/","name":"Arredareidee","description":"Decorazioni personalizzate","publisher":{"@id":"https:\/\/arredareidee.com\/#organization"},"potentialAction":[{"@type":"SearchAction","target":{"@type":"EntryPoint","urlTemplate":"https:\/\/arredareidee.com\/?s={search_term_string}"},"query-input":{"@type":"PropertyValueSpecification","valueRequired":true,"valueName":"search_term_string"}}],"inLanguage":"it-IT"},{"@type":"Organization","@id":"https:\/\/arredareidee.com\/#organization","name":"Arredareidee","url":"https:\/\/arredareidee.com\/","logo":{"@type":"ImageObject","inLanguage":"it-IT","@id":"https:\/\/arredareidee.com\/#\/schema\/logo\/image\/","url":"https:\/\/arredareidee.com\/wp-content\/uploads\/2021\/01\/cropped-Arredareidee.png","contentUrl":"https:\/\/arredareidee.com\/wp-content\/uploads\/2021\/01\/cropped-Arredareidee.png","width":868,"height":157,"caption":"Arredareidee"},"image":{"@id":"https:\/\/arredareidee.com\/#\/schema\/logo\/image\/"}}]}},"_links":{"self":[{"href":"https:\/\/arredareidee.com\/index.php\/wp-json\/wp\/v2\/product\/115940","targetHints":{"allow":["GET"]}}],"collection":[{"href":"https:\/\/arredareidee.com\/index.php\/wp-json\/wp\/v2\/product"}],"about":[{"href":"https:\/\/arredareidee.com\/index.php\/wp-json\/wp\/v2\/types\/product"}],"wp:featuredmedia":[{"embeddable":true,"href":"https:\/\/arredareidee.com\/index.php\/wp-json\/wp\/v2\/media\/115941"}],"wp:attachment":[{"href":"https:\/\/arredareidee.com\/index.php\/wp-json\/wp\/v2\/media?parent=115940"}],"wp:term":[{"taxonomy":"product_brand","embeddable":true,"href":"https:\/\/arredareidee.com\/index.php\/wp-json\/wp\/v2\/product_brand?post=115940"},{"taxonomy":"product_cat","embeddable":true,"href":"https:\/\/arredareidee.com\/index.php\/wp-json\/wp\/v2\/product_cat?post=115940"},{"taxonomy":"product_tag","embeddable":true,"href":"https:\/\/arredareidee.com\/index.php\/wp-json\/wp\/v2\/product_tag?post=115940"}],"curies":[{"name":"wp","href":"https:\/\/api.w.org\/{rel}","templated":true}]}}

<h2>Listello Dalila cm 25 x 5,5</h2>
<p><strong>Listello Dalila realizzato con spessore di mm 9, misura idonea per tutti i tipi di pavimenti e rivestimenti</strong></p>
<p>I Marmi e relativi colori, utilizzati in tutta la gamma Mosaici,  (nome e tipo) sono visibili nella foto presente come immagine.</p>
<p>Il Marmo è una pietra naturale, di conseguenza ogni pezzo è unico ed inimitabile, il tipo di Marmo, colore e disegno scelto per ogni decoro è realizzato così come da foto, TUTTAVIA la scelta dei colori, tipo di Marmo e posizionamento, possono essere modificati e personalizzati.</p>
<p>N.B. se si desidera modificare e personalizzare il decoro, si prega di inviare richiesta preventivo, con la scelta dei colori, tipo di Marmo e il relativo posizionamento dei colori.</p>

<p>Listello realizzato a mano, con diversi tipi di marmo, lavorati uno per uno e, posizionati con cura e maestranza, legati da una rete, predisposta per essere incollata<br />
direttamente sul pavimento o alla parete. Misura cm 25 x 5,5</p>
<p>N.B. su richiesta è possibile realizzare qualsiasi tipo di disegno.</p>
