
{"id":115822,"date":"2018-08-06T12:09:51","date_gmt":"2018-08-06T12:09:51","guid":{"rendered":"https:\/\/arredareidee.com\/index.php\/product\/inserto-lord-cm-40-x-40\/"},"modified":"2023-08-05T12:11:53","modified_gmt":"2023-08-05T12:11:53","slug":"inserto-lord-cm-40-x-40","status":"publish","type":"product","link":"https:\/\/arredareidee.com\/index.php\/product\/inserto-lord-cm-40-x-40\/","title":{"rendered":"Inserto Lord cm 40 x 40"},"content":{"rendered":"<h2>Inserto Lord cm 40 x 40<\/h2>\n<p><strong>Lo spessore dei Marmi \u00e8 di 9 mm, misura idonea per tutti i tipi di pavimenti e rivestimenti.<\/strong><\/p>\n<p>I Marmi e relativi colori, utilizzati in tutta la gamma Mosaici,\u00a0 (nome e tipo) sono visibili nella foto presente come immagine.<\/p>\n<p>Il Marmo \u00e8 una pietra naturale, di conseguenza ogni pezzo \u00e8 unico ed inimitabile, il tipo di Marmo, colore e disegno scelto per ogni decoro \u00e8 realizzato cos\u00ec come da foto, TUTTAVIA la scelta dei colori, tipo di Marmo e posizionamento, possono essere modificati e personalizzati.<\/p>\n<p>N.B. se si desidera modificare e personalizzare il decoro, si prega di inviare richiesta preventivo, con la scelta dei colori, tipo di Marmo e il relativo posizionamento dei colori.<\/p>\n","protected":false},"excerpt":{"rendered":"<p>Inserto realizzato a mano, con diversi tipi di marmo, lavorati uno per uno e, posizionati con cura e maestranza, legati da una rete, predisposta per essere incollata<br \/>\ndirettamente sul pavimento o alla parete. Misure cm 40 x 40<\/p>\n<p>N.B. su richiesta \u00e8 possibile realizzare qualsiasi tipo di disegno.<\/p>\n","protected":false},"featured_media":115823,"template":"","meta":[],"product_brand":[],"product_cat":[59,58,16],"product_tag":[],"class_list":{"0":"post-115822","1":"product","2":"type-product","3":"status-publish","4":"has-post-thumbnail","6":"product_cat-inserti","7":"product_cat-mosaici","8":"product_cat-mosaici-in-marmo","10":"first","11":"instock","12":"taxable","13":"shipping-taxable","14":"purchasable","15":"product-type-simple"},"yoast_head":"<!-- This site is optimized with the Yoast SEO plugin v26.4 - https:\/\/yoast.com\/wordpress\/plugins\/seo\/ -->\n<title>Inserto Lord cm 40 x 40<\/title>\n<meta name=\"description\" content=\"Inserto Lord cm 40 x 40Lo spessore dei Marmi \u00e8 di 9 mm, misura idonea per tutti i tipi di pavimenti e rivestimenti. Utilizzati in tutta la\" \/>\n<meta name=\"robots\" content=\"index, follow, max-snippet:-1, max-image-preview:large, max-video-preview:-1\" \/>\n<link rel=\"canonical\" href=\"https:\/\/arredareidee.com\/index.php\/product\/inserto-lord-cm-40-x-40\/\" \/>\n<meta property=\"og:locale\" content=\"it_IT\" \/>\n<meta property=\"og:type\" content=\"article\" \/>\n<meta property=\"og:title\" content=\"Inserto Lord cm 40 x 40\" \/>\n<meta property=\"og:description\" content=\"Inserto Lord cm 40 x 40Lo spessore dei Marmi \u00e8 di 9 mm, misura idonea per tutti i tipi di pavimenti e rivestimenti. Utilizzati in tutta la\" \/>\n<meta property=\"og:url\" content=\"https:\/\/arredareidee.com\/index.php\/product\/inserto-lord-cm-40-x-40\/\" \/>\n<meta property=\"og:site_name\" content=\"Arredareidee\" \/>\n<meta property=\"article:modified_time\" content=\"2023-08-05T12:11:53+00:00\" \/>\n<meta property=\"og:image\" content=\"https:\/\/arredareidee.com\/wp-content\/uploads\/2021\/01\/inserto_lord_400x400.png\" \/>\n\t<meta property=\"og:image:width\" content=\"619\" \/>\n\t<meta property=\"og:image:height\" content=\"651\" \/>\n\t<meta property=\"og:image:type\" content=\"image\/png\" \/>\n<meta name=\"twitter:card\" content=\"summary_large_image\" \/>\n<meta name=\"twitter:label1\" content=\"Tempo di lettura stimato\" \/>\n\t<meta name=\"twitter:data1\" content=\"1 minuto\" \/>\n<script type=\"application\/ld+json\" class=\"yoast-schema-graph\">{\"@context\":\"https:\/\/schema.org\",\"@graph\":[{\"@type\":\"WebPage\",\"@id\":\"https:\/\/arredareidee.com\/index.php\/product\/inserto-lord-cm-40-x-40\/\",\"url\":\"https:\/\/arredareidee.com\/index.php\/product\/inserto-lord-cm-40-x-40\/\",\"name\":\"Inserto Lord cm 40 x 40\",\"isPartOf\":{\"@id\":\"https:\/\/arredareidee.com\/#website\"},\"primaryImageOfPage\":{\"@id\":\"https:\/\/arredareidee.com\/index.php\/product\/inserto-lord-cm-40-x-40\/#primaryimage\"},\"image\":{\"@id\":\"https:\/\/arredareidee.com\/index.php\/product\/inserto-lord-cm-40-x-40\/#primaryimage\"},\"thumbnailUrl\":\"https:\/\/arredareidee.com\/wp-content\/uploads\/2021\/01\/inserto_lord_400x400.png\",\"datePublished\":\"2018-08-06T12:09:51+00:00\",\"dateModified\":\"2023-08-05T12:11:53+00:00\",\"description\":\"Inserto Lord cm 40 x 40Lo spessore dei Marmi \u00e8 di 9 mm, misura idonea per tutti i tipi di pavimenti e rivestimenti. Utilizzati in tutta la\",\"breadcrumb\":{\"@id\":\"https:\/\/arredareidee.com\/index.php\/product\/inserto-lord-cm-40-x-40\/#breadcrumb\"},\"inLanguage\":\"it-IT\",\"potentialAction\":[{\"@type\":\"ReadAction\",\"target\":[\"https:\/\/arredareidee.com\/index.php\/product\/inserto-lord-cm-40-x-40\/\"]}]},{\"@type\":\"ImageObject\",\"inLanguage\":\"it-IT\",\"@id\":\"https:\/\/arredareidee.com\/index.php\/product\/inserto-lord-cm-40-x-40\/#primaryimage\",\"url\":\"https:\/\/arredareidee.com\/wp-content\/uploads\/2021\/01\/inserto_lord_400x400.png\",\"contentUrl\":\"https:\/\/arredareidee.com\/wp-content\/uploads\/2021\/01\/inserto_lord_400x400.png\",\"width\":619,\"height\":651,\"caption\":\"Inserto Lord cm 40 x 40\"},{\"@type\":\"BreadcrumbList\",\"@id\":\"https:\/\/arredareidee.com\/index.php\/product\/inserto-lord-cm-40-x-40\/#breadcrumb\",\"itemListElement\":[{\"@type\":\"ListItem\",\"position\":1,\"name\":\"Home\",\"item\":\"https:\/\/arredareidee.com\/\"},{\"@type\":\"ListItem\",\"position\":2,\"name\":\"Shop\",\"item\":\"https:\/\/arredareidee.com\/index.php\/shop\/\"},{\"@type\":\"ListItem\",\"position\":3,\"name\":\"Inserto Lord cm 40 x 40\"}]},{\"@type\":\"WebSite\",\"@id\":\"https:\/\/arredareidee.com\/#website\",\"url\":\"https:\/\/arredareidee.com\/\",\"name\":\"Arredareidee\",\"description\":\"Decorazioni personalizzate\",\"publisher\":{\"@id\":\"https:\/\/arredareidee.com\/#organization\"},\"potentialAction\":[{\"@type\":\"SearchAction\",\"target\":{\"@type\":\"EntryPoint\",\"urlTemplate\":\"https:\/\/arredareidee.com\/?s={search_term_string}\"},\"query-input\":{\"@type\":\"PropertyValueSpecification\",\"valueRequired\":true,\"valueName\":\"search_term_string\"}}],\"inLanguage\":\"it-IT\"},{\"@type\":\"Organization\",\"@id\":\"https:\/\/arredareidee.com\/#organization\",\"name\":\"Arredareidee\",\"url\":\"https:\/\/arredareidee.com\/\",\"logo\":{\"@type\":\"ImageObject\",\"inLanguage\":\"it-IT\",\"@id\":\"https:\/\/arredareidee.com\/#\/schema\/logo\/image\/\",\"url\":\"https:\/\/arredareidee.com\/wp-content\/uploads\/2021\/01\/cropped-Arredareidee.png\",\"contentUrl\":\"https:\/\/arredareidee.com\/wp-content\/uploads\/2021\/01\/cropped-Arredareidee.png\",\"width\":868,\"height\":157,\"caption\":\"Arredareidee\"},\"image\":{\"@id\":\"https:\/\/arredareidee.com\/#\/schema\/logo\/image\/\"}}]}<\/script>\n<!-- \/ Yoast SEO plugin. -->","yoast_head_json":{"title":"Inserto Lord cm 40 x 40","description":"Inserto Lord cm 40 x 40Lo spessore dei Marmi \u00e8 di 9 mm, misura idonea per tutti i tipi di pavimenti e rivestimenti. Utilizzati in tutta la","robots":{"index":"index","follow":"follow","max-snippet":"max-snippet:-1","max-image-preview":"max-image-preview:large","max-video-preview":"max-video-preview:-1"},"canonical":"https:\/\/arredareidee.com\/index.php\/product\/inserto-lord-cm-40-x-40\/","og_locale":"it_IT","og_type":"article","og_title":"Inserto Lord cm 40 x 40","og_description":"Inserto Lord cm 40 x 40Lo spessore dei Marmi \u00e8 di 9 mm, misura idonea per tutti i tipi di pavimenti e rivestimenti. Utilizzati in tutta la","og_url":"https:\/\/arredareidee.com\/index.php\/product\/inserto-lord-cm-40-x-40\/","og_site_name":"Arredareidee","article_modified_time":"2023-08-05T12:11:53+00:00","og_image":[{"width":619,"height":651,"url":"https:\/\/arredareidee.com\/wp-content\/uploads\/2021\/01\/inserto_lord_400x400.png","type":"image\/png"}],"twitter_card":"summary_large_image","twitter_misc":{"Tempo di lettura stimato":"1 minuto"},"schema":{"@context":"https:\/\/schema.org","@graph":[{"@type":"WebPage","@id":"https:\/\/arredareidee.com\/index.php\/product\/inserto-lord-cm-40-x-40\/","url":"https:\/\/arredareidee.com\/index.php\/product\/inserto-lord-cm-40-x-40\/","name":"Inserto Lord cm 40 x 40","isPartOf":{"@id":"https:\/\/arredareidee.com\/#website"},"primaryImageOfPage":{"@id":"https:\/\/arredareidee.com\/index.php\/product\/inserto-lord-cm-40-x-40\/#primaryimage"},"image":{"@id":"https:\/\/arredareidee.com\/index.php\/product\/inserto-lord-cm-40-x-40\/#primaryimage"},"thumbnailUrl":"https:\/\/arredareidee.com\/wp-content\/uploads\/2021\/01\/inserto_lord_400x400.png","datePublished":"2018-08-06T12:09:51+00:00","dateModified":"2023-08-05T12:11:53+00:00","description":"Inserto Lord cm 40 x 40Lo spessore dei Marmi \u00e8 di 9 mm, misura idonea per tutti i tipi di pavimenti e rivestimenti. Utilizzati in tutta la","breadcrumb":{"@id":"https:\/\/arredareidee.com\/index.php\/product\/inserto-lord-cm-40-x-40\/#breadcrumb"},"inLanguage":"it-IT","potentialAction":[{"@type":"ReadAction","target":["https:\/\/arredareidee.com\/index.php\/product\/inserto-lord-cm-40-x-40\/"]}]},{"@type":"ImageObject","inLanguage":"it-IT","@id":"https:\/\/arredareidee.com\/index.php\/product\/inserto-lord-cm-40-x-40\/#primaryimage","url":"https:\/\/arredareidee.com\/wp-content\/uploads\/2021\/01\/inserto_lord_400x400.png","contentUrl":"https:\/\/arredareidee.com\/wp-content\/uploads\/2021\/01\/inserto_lord_400x400.png","width":619,"height":651,"caption":"Inserto Lord cm 40 x 40"},{"@type":"BreadcrumbList","@id":"https:\/\/arredareidee.com\/index.php\/product\/inserto-lord-cm-40-x-40\/#breadcrumb","itemListElement":[{"@type":"ListItem","position":1,"name":"Home","item":"https:\/\/arredareidee.com\/"},{"@type":"ListItem","position":2,"name":"Shop","item":"https:\/\/arredareidee.com\/index.php\/shop\/"},{"@type":"ListItem","position":3,"name":"Inserto Lord cm 40 x 40"}]},{"@type":"WebSite","@id":"https:\/\/arredareidee.com\/#website","url":"https:\/\/arredareidee.com\/","name":"Arredareidee","description":"Decorazioni personalizzate","publisher":{"@id":"https:\/\/arredareidee.com\/#organization"},"potentialAction":[{"@type":"SearchAction","target":{"@type":"EntryPoint","urlTemplate":"https:\/\/arredareidee.com\/?s={search_term_string}"},"query-input":{"@type":"PropertyValueSpecification","valueRequired":true,"valueName":"search_term_string"}}],"inLanguage":"it-IT"},{"@type":"Organization","@id":"https:\/\/arredareidee.com\/#organization","name":"Arredareidee","url":"https:\/\/arredareidee.com\/","logo":{"@type":"ImageObject","inLanguage":"it-IT","@id":"https:\/\/arredareidee.com\/#\/schema\/logo\/image\/","url":"https:\/\/arredareidee.com\/wp-content\/uploads\/2021\/01\/cropped-Arredareidee.png","contentUrl":"https:\/\/arredareidee.com\/wp-content\/uploads\/2021\/01\/cropped-Arredareidee.png","width":868,"height":157,"caption":"Arredareidee"},"image":{"@id":"https:\/\/arredareidee.com\/#\/schema\/logo\/image\/"}}]}},"_links":{"self":[{"href":"https:\/\/arredareidee.com\/index.php\/wp-json\/wp\/v2\/product\/115822","targetHints":{"allow":["GET"]}}],"collection":[{"href":"https:\/\/arredareidee.com\/index.php\/wp-json\/wp\/v2\/product"}],"about":[{"href":"https:\/\/arredareidee.com\/index.php\/wp-json\/wp\/v2\/types\/product"}],"wp:featuredmedia":[{"embeddable":true,"href":"https:\/\/arredareidee.com\/index.php\/wp-json\/wp\/v2\/media\/115823"}],"wp:attachment":[{"href":"https:\/\/arredareidee.com\/index.php\/wp-json\/wp\/v2\/media?parent=115822"}],"wp:term":[{"taxonomy":"product_brand","embeddable":true,"href":"https:\/\/arredareidee.com\/index.php\/wp-json\/wp\/v2\/product_brand?post=115822"},{"taxonomy":"product_cat","embeddable":true,"href":"https:\/\/arredareidee.com\/index.php\/wp-json\/wp\/v2\/product_cat?post=115822"},{"taxonomy":"product_tag","embeddable":true,"href":"https:\/\/arredareidee.com\/index.php\/wp-json\/wp\/v2\/product_tag?post=115822"}],"curies":[{"name":"wp","href":"https:\/\/api.w.org\/{rel}","templated":true}]}}